{"id":91,"date":"2017-03-20T22:05:07","date_gmt":"2017-03-20T21:05:07","guid":{"rendered":"http:\/\/lesfleursarctiques.noblogs.org\/?page_id=91"},"modified":"2025-03-20T10:26:04","modified_gmt":"2025-03-20T09:26:04","slug":"groupes-de-lecture","status":"publish","type":"page","link":"https:\/\/lesfleursarctiques.noblogs.org\/?page_id=91","title":{"rendered":"Groupes de lecture"},"content":{"rendered":"<p style=\"text-align: center\"><strong>LES DIMANCHES \u00c0 16H30<br \/>\n<\/strong><\/p>\n<p><strong>Groupes de lecture :<\/strong><\/p>\n<ul>\n<li>N\u00b01 &#8211; Bakounine, <a href=\"http:\/\/www.non-fides.fr\/?Dieu-et-l-Etat\"><em>Dieu et l&rsquo;Etat<\/em><\/a> ( 21 mai 2017 &#8211;\u00a016 d\u00e9cembre 2017\u00a0).<\/li>\n<li>N\u00b02 &#8211; Anonyme, <em>L&rsquo;Appel <\/em>(\u00e0 partir de juin 2018)<\/li>\n<li>N\u00b03 &#8211; Divers textes autour de la technologie et de l&rsquo;anti-technologie (\u00e0 partir de septembre 2018)<\/li>\n<li>N\u00b0&#8230;. Nous avons lus ensemble de nombreux textes, souvent d\u00e9cid\u00e9s sur le moment, pas toujours suivis d&rsquo;une semaine \u00e0 l&rsquo;autre, qu&rsquo;il serait impossible de r\u00e9pertorier ici.<\/li>\n<li>Les dimanche, un groupe de lecture sur un texte choisi par les personnes pr\u00e9sentes une semaine sur deux. L&rsquo;autre dimanche, une lecture discut\u00e9e de la brochure <em>L&rsquo;Autonomie, le mouvement autonome en Italie et en France, 1977 <\/em>(trouvable sur internet).<\/li>\n<li>Un groupe de lecture autour du texte de Marx habituellement intitul\u00e9 <em>Fragment sur les machines <\/em>a \u00e9t\u00e9 commenc\u00e9 mais est suspendu pour l&rsquo;instant.<\/li>\n<li>Un cycle de groupes de lectures sur des textes autour du f\u00e9minisme r\u00e9volutionnaire.<\/li>\n<li>Un cycle de groupes de lectures sur Max Stirner, L&rsquo;unique et sa propri\u00e9t\u00e9.<\/li>\n<\/ul>\n<p><strong>Actuellement<\/strong> : Nous choisirons ensemble les textes que nous lirons.<\/p>\n<h2 style=\"text-align: center\"><strong><span style=\"color: #008080\">Lire des textes ensemble, vraiment ?<\/span><\/strong><\/h2>\n<p><span style=\"color: #008080\"><strong>Pourquoi\u00a0?<\/strong><\/span><br \/>\nLa lecture se d\u00e9finit la plupart du temps comme une activit\u00e9 solitaire et silencieuse. Lire des textes ensemble, c&rsquo;est ouvrir la possibilit\u00e9 d&rsquo;un autre rapport aux \u00e9crits, qui puisse permettre de les comprendre de mani\u00e8re peut-\u00eatre plus riche et impr\u00e9visible, de mettre \u00e0 profit autour des textes le regard et l&rsquo;exp\u00e9rience des participants\u00a0; faut-il pr\u00e9ciser que la seule exigence est l&rsquo;int\u00e9r\u00eat de chacun pour y participer, avec son rapport \u00e0 la lecture, plus ou moins simple ou compliqu\u00e9, plus ou moins r\u00e9gulier ou exceptionnel ?. On n&rsquo;est m\u00eame pas strictement oblig\u00e9 de tous lire\u00a0: c&rsquo;est aussi une fa\u00e7on de r\u00e9fl\u00e9chir ensemble en invitant d&rsquo;autres mani\u00e8re de voir les choses et le monde, le plus souvent inactuelles, que l&rsquo;\u00e9crit rend accessibles. Aussi ne s&rsquo;agira-t-il pas de sacraliser les textes lus en commun et ce ne sont pas des r\u00e9ponses grav\u00e9es dans l&rsquo;airain qu&rsquo;on y cherchera. Il s&rsquo;agira plut\u00f4t d&rsquo;essayer de mettre les textes au travail aujourd&rsquo;hui en fonction de nos enjeux et perspectives actuelles. D&rsquo;ailleurs on ne choisira pas forc\u00e9ment des textes qu&rsquo;on admire et qu&rsquo;on lirait comme d&rsquo;autres lisent la Bible. Il nous arrivera souvent au contraire d&rsquo;aiguiser notre esprit critique commun autour de productions d&rsquo;int\u00e9r\u00eats vari\u00e9s, parfois contestables. On pourra aussi s&rsquo;\u00e9carter des chemins balis\u00e9s de la \u00ab\u00a0th\u00e9orie politique\u00a0\u00bb ou de l&rsquo;histoire pour aller piocher dans des r\u00e9gions moins \u00e9videmment li\u00e9es \u00e0 notre objet, et si on lira sans doute les productions de quelques vieux barbus, on ne s&rsquo;interdira pas de pr\u00e9f\u00e9rer parfois l&rsquo;actualit\u00e9, la fiction ou la po\u00e9sie aux classiques et \u00e0 l&rsquo;argumentation raisonn\u00e9e. L&rsquo;objectif \u00e9tant toujours d&rsquo;ouvrir la r\u00e9flexion et de faire circuler la pens\u00e9e et la th\u00e9orie hors des mus\u00e9es et des cercles savants de l&rsquo;universit\u00e9 o\u00f9 les ennemis de la praxis s&rsquo;acharnent \u00e0 les emmurer.<\/p>\n<p><span style=\"color: #008080\"><strong>Comment\u00a0?<\/strong><\/span><br \/>\nOn propose un rendez-vous r\u00e9gulier le dimanche \u00e0 16h30, qui peut \u00e9ventuellement s\u2019\u00e9tendre dans le temps. Des propositions pr\u00e9cises et suivies dans la dur\u00e9e pourront se mettre en place, mais on pourra aussi papillonner \u00e0 l&rsquo;occasion dans la biblioth\u00e8que ou autour de textes propos\u00e9s pour l&rsquo;occasion : il ne s&rsquo;agit pas de se donner des devoirs du soir ni de produire des th\u00e8ses sp\u00e9cialis\u00e9es sur les grands auteurs du programme r\u00e9volutionnaire. Si on propose sur ce site des id\u00e9es ou quelque chose qui ressemble \u00e0 un programme, ce sera toujours sous une forme indicative, \u00e0 rediscuter avec les participants du jour ou du moment.<br \/>\nToutes les formes de lectures communes sont possibles, \u00e0 exp\u00e9rimenter et choisir en fonction des textes. On pourra lire ensemble un court texte \u00e0 haute voix et en parler, on pourra aussi se r\u00e9partir diff\u00e9rents textes et en discuter la fois suivante, ou alors fonctionner avec quelques extraits que l&rsquo;un d&rsquo;entre nous aura s\u00e9lectionn\u00e9s&#8230;<\/p>\n<p><span style=\"color: #008080\"><strong>Alors\u00a0?<\/strong><\/span><br \/>\nBienvenue aux dilettantes comme aux assidus, aux \u00e9rudits comme aux r\u00eaveurs, aux lecteurs passionn\u00e9s comme \u00e0 ceux que se retrouver seul avec un texte rebute, retrouvons-nous les dimanche \u00e0 partir de 16h30.<\/p>\n","protected":false},"excerpt":{"rendered":"<p>LES DIMANCHES \u00c0 16H30 Groupes de lecture : N\u00b01 &#8211; Bakounine, Dieu et l&rsquo;Etat ( 21 mai 2017 &#8211;\u00a016 d\u00e9cembre 2017\u00a0). N\u00b02 &#8211; Anonyme, L&rsquo;Appel (\u00e0 partir de juin 2018) N\u00b03 &#8211; Divers textes autour de la technologie et de l&rsquo;anti-technologie (\u00e0 partir de septembre 2018) N\u00b0&#8230;. Nous avons lus ensemble de nombreux textes, souvent &hellip; <\/p>\n<p class=\"link-more\"><a href=\"https:\/\/lesfleursarctiques.noblogs.org\/?page_id=91\" class=\"more-link\">Continuer la lecture<span class=\"screen-reader-text\"> de &laquo;&nbsp;Groupes de lecture&nbsp;&raquo;<\/span><\/a><\/p>\n","protected":false},"author":11668,"featured_media":0,"parent":0,"menu_order":0,"comment_status":"closed","ping_status":"closed","template":"","meta":{"footnotes":""},"class_list":["post-91","page","type-page","status-publish","hentry"],"_links":{"self":[{"href":"https:\/\/lesfleursarctiques.noblogs.org\/index.php?rest_route=\/wp\/v2\/pages\/91","targetHints":{"allow":["GET"]}}],"collection":[{"href":"https:\/\/lesfleursarctiques.noblogs.org\/index.php?rest_route=\/wp\/v2\/pages"}],"about":[{"href":"https:\/\/lesfleursarctiques.noblogs.org\/index.php?rest_route=\/wp\/v2\/types\/page"}],"author":[{"embeddable":true,"href":"https:\/\/lesfleursarctiques.noblogs.org\/index.php?rest_route=\/wp\/v2\/users\/11668"}],"replies":[{"embeddable":true,"href":"https:\/\/lesfleursarctiques.noblogs.org\/index.php?rest_route=%2Fwp%2Fv2%2Fcomments&post=91"}],"version-history":[{"count":34,"href":"https:\/\/lesfleursarctiques.noblogs.org\/index.php?rest_route=\/wp\/v2\/pages\/91\/revisions"}],"predecessor-version":[{"id":2851,"href":"https:\/\/lesfleursarctiques.noblogs.org\/index.php?rest_route=\/wp\/v2\/pages\/91\/revisions\/2851"}],"wp:attachment":[{"href":"https:\/\/lesfleursarctiques.noblogs.org\/index.php?rest_route=%2Fwp%2Fv2%2Fmedia&parent=91"}],"curies":[{"name":"wp","href":"https:\/\/api.w.org\/{rel}","templated":true}]}}