{"id":22,"date":"2017-03-25T02:01:09","date_gmt":"2017-03-25T01:01:09","guid":{"rendered":"http:\/\/lesfleursarctiques.noblogs.org\/?page_id=22"},"modified":"2025-03-20T10:25:44","modified_gmt":"2025-03-20T09:25:44","slug":"les-fleurs-arctiques-presentation","status":"publish","type":"page","link":"https:\/\/lesfleursarctiques.noblogs.org\/?page_id=22","title":{"rendered":"Les Fleurs Arctiques &#8211; Pr\u00e9sentation"},"content":{"rendered":"<p><a href=\"https:\/\/lesfleursarctiques.noblogs.org\/files\/2022\/01\/Presentation-Affiche2.pdf\"><img loading=\"lazy\" decoding=\"async\" class=\"alignnone wp-image-2177 size-large\" src=\"https:\/\/lesfleursarctiques.noblogs.org\/files\/2022\/01\/Presentation-Affiche2-724x1024.jpg\" alt=\"\" width=\"525\" height=\"743\" srcset=\"https:\/\/lesfleursarctiques.noblogs.org\/files\/2022\/01\/Presentation-Affiche2-724x1024.jpg 724w, https:\/\/lesfleursarctiques.noblogs.org\/files\/2022\/01\/Presentation-Affiche2-212x300.jpg 212w, https:\/\/lesfleursarctiques.noblogs.org\/files\/2022\/01\/Presentation-Affiche2-768x1086.jpg 768w, https:\/\/lesfleursarctiques.noblogs.org\/files\/2022\/01\/Presentation-Affiche2-1086x1536.jpg 1086w, https:\/\/lesfleursarctiques.noblogs.org\/files\/2022\/01\/Presentation-Affiche2-1448x2048.jpg 1448w, https:\/\/lesfleursarctiques.noblogs.org\/files\/2022\/01\/Presentation-Affiche2-scaled.jpg 1810w\" sizes=\"auto, (max-width: 525px) 100vw, 525px\" \/><\/a><\/p>\n<p><strong><span style=\"color: #3b9194\">Les Fleurs Arctiques ne sont pas une organisation ou un groupe politique, mais un rassemblement h\u00e9t\u00e9rog\u00e8ne et prot\u00e9iforme qui tient \u00e0 son h\u00e9t\u00e9rog\u00e9n\u00e9it\u00e9, partageant un constat, des crit\u00e8res et des perspectives communes autour de la n\u00e9cessit\u00e9 d&rsquo;offrir des espaces \u00e0 notre temps plut\u00f4t que le contraire, des espaces pour la lutte r\u00e9volutionnaire.<\/span><\/strong><\/p>\n<p><strong><span style=\"color: #3b9194\">Ce projet na\u00eet du constat commun que nous vivons une \u00e9poque dans laquelle la pauvret\u00e9 qui n&rsquo;est pas seulement mat\u00e9rielle, ne peut aller qu&rsquo;en s&rsquo;accroissant. Que l&rsquo;\u00e9poque que nous vivons pose toujours les m\u00eames enjeux \u2014 l&rsquo;abolition de l\u2019\u00c9tat, du travail et de la marchandise \u2014 et cela dans un cadre qui n&rsquo;a gu\u00e8re chang\u00e9 depuis les ann\u00e9es 70, si ce n&rsquo;est l&rsquo;acc\u00e9l\u00e9ration vertigineuse de l&rsquo;atomisation et de la p\u00e9n\u00e9tration des rapports marchands dans tous les interstices de ce qui nous reste de vie.<\/span><\/strong><\/p>\n<p><strong><span style=\"color: #3b9194\">Une \u00e9poque qui d\u00e9sint\u00e8gre minutieusement ce qui voudrait ou semblerait vouloir s&rsquo;y opposer, entre autres en l\u2019int\u00e9grant. Un monde qui s&rsquo;offre comme alternative \u00e0 lui-m\u00eame, avec l&rsquo;essor des sciences sociales et des logiques informatives (ou \u00ab\u00a0contre-informatives\u00a0\u00bb) en lieu et place de la critique r\u00e9volutionnaire qui, lors des derni\u00e8res d\u00e9cennies, avait su balayer les vieux r\u00e9flexes et modes de pens\u00e9e gauchistes et staliniens (faut-il vraiment ici faire remarquer \u00e0 ceux qui veulent les remettre en selle que leurs perspectives ne sont pas les n\u00f4tres?) et d\u00e9monter les illusions gestionnaires des alternatifs et autres citoyennistes. Alors que c&rsquo;est dans la praxis qu&rsquo;a pu se d\u00e9ployer une intelligence pratique n\u00e9e des exp\u00e9riences de lutte, on voit dor\u00e9navant l&rsquo;universit\u00e9 faire de plus en plus office de laboratoire de r\u00e9flexion et d&rsquo;intervention pour la subversion. Il est pourtant \u00e9vident que la critique y est d\u00e9j\u00e0 institutionnalis\u00e9e et d\u00e9sactiv\u00e9e dans des formes politiques int\u00e9gr\u00e9es et st\u00e9rilisantes qui se diffusent d\u00e9sormais au sein des milieux \u00ab\u00a0militants\u00a0\u00bb.<\/span><\/strong><\/p>\n<p><strong><span style=\"color: #3b9194\">Une \u00e9poque o\u00f9 les potentialit\u00e9s r\u00e9volutionnaires r\u00e9elles paraissent inactuelles, une \u00e9poque ou \u00ab\u00a0accentuer les conflictualit\u00e9s\u00a0\u00bb n\u2019\u00e9quivaut plus toujours \u00e0 se battre <em>contre<\/em> le monde tel qu&rsquo;il est, mais parfois <em>avec<\/em>, ou m\u00eame <em>pour<\/em>.<\/span><\/strong><\/p>\n<p><strong><span style=\"color: #3b9194\">Une \u00e9poque marqu\u00e9e \u00e9galement par l&rsquo;essor de ce que la r\u00e9action a mis au point de plus efficace pour pr\u00e9venir tout d\u00e9bordement subversif : les replis communautaires, religieux et identitaires, l&rsquo;exploration de ses \u00ab\u00a0racines\u00a0\u00bb, qui tendent \u00e0 s\u2019articuler avec les autres formes de r\u00e9pression (forces de l&rsquo;ordre, justice r\u00e9guli\u00e8re et coercition \u00e9tatique). Mais les racines, c&rsquo;est bon pour les glands. Ces diff\u00e9rentes formes de recroquevillement sur des identit\u00e9s fig\u00e9es et des r\u00e9cits mythiques sont probablement la perspective du Pouvoir la plus efficace pour faire accepter les mesures d&rsquo;aust\u00e9rit\u00e9, l&rsquo;existant et son mythe progressiste ne pouvant plus d\u00e9cemment penser faire r\u00eaver \u00e0 un futur radieux.<\/span><\/strong><\/p>\n<p><strong><span style=\"color: #3b9194\">Il s&rsquo;agit alors de r\u00e9affirmer que cette \u00e9poque ne viendra pas \u00e0 bout des perspectives r\u00e9volutionnnaires, et les subterfuges qui s&rsquo;y d\u00e9veloppent pour pacifier les conflits comme l&rsquo;auto-gestion, l&rsquo;alternativisme et la contre-culture, la spectacularisation de la conflictualit\u00e9, la sp\u00e9cialisation des t\u00e2ches, les d\u00e9clinaisons militantes de la postmodernit\u00e9 et du lib\u00e9ralisme et la pasteurisation des rapports humains qui devraient, para\u00eet-il, \u00eatre <em>safe<\/em>, l&rsquo;enfermement dans un psittacisme qui ressasse des gimmicks politiques identitaires (que la posture soit communiste ou anarchiste, la mis\u00e8re est la m\u00eame) n&rsquo;op\u00e8rent plus que pour se rassurer et ne pas trop se confronter \u00e0 la r\u00e9alit\u00e9 du&#8230; <em>des\u00a0!<\/em> astres.<\/span><\/strong><\/p>\n<p><strong><span style=\"color: #3b9194\">Il s&rsquo;agit donc aussi de sortir de l&rsquo;impasse activiste et\/ou id\u00e9ologique que l&rsquo;on finit par embrasser, habiter, optimiser dans un confort relatif comme une cellule de prison tant en sortir \u00e9quivaudrait \u00e0 plonger dans l&rsquo;inconnu. Les identit\u00e9s, les postures et les logos ne disent plus rien r\u00e9ellement des intentions et des m\u00e9thodes de celles et ceux qui les arborent, et donc l&rsquo;auto-organisation, bien qu&rsquo;insuffisante \u00e0 garantir des perspectives r\u00e9ellement offensives, est la seule forme d&rsquo;organisation souhaitable.<\/span><\/strong><\/p>\n<p><strong><span style=\"color: #3b9194\">Nous tirons des exp\u00e9riences de ces derniers si\u00e8cles et de ces derni\u00e8res d\u00e9cennies que les structures permanentes ont toujours comme but et comme raison d\u2019\u00eatre leur propre perp\u00e9tuation, que la volont\u00e9 d\u2019homog\u00e9n\u00e9it\u00e9 politique ou m\u00eame \u00ab\u00a0affinitaire\u00a0\u00bb qu&rsquo;elle soit formelle ou informelle, est une forme sectaire et n\u00e9cessairement groupusculaire (sinon totalitaire).<\/span><\/strong><\/p>\n<p><strong><span style=\"color: #3b9194\">Ce ne sont donc pas d&rsquo;\u00ab\u00a0amis\u00a0\u00bb, de bandes d\u00e9politis\u00e9es ou d&rsquo;Organisations politiques dont nous avons besoin aujourd&rsquo;hui. Alors pour ne pas sombrer avec les temps qui meurent, il nous faut \u00e9laborer de nouvelles propositions pour des perspectives dont le caract\u00e8re r\u00e9volutionnaire reste inchang\u00e9, tout en acceptant la n\u00e9cessit\u00e9 d&rsquo;inventer, d&rsquo;exp\u00e9rimenter des propositions qui permettent de penser, analyser, agir, se rencontrer, intervenir, se d\u00e9fendre et attaquer.<\/span><\/strong><\/p>\n<p><strong><span style=\"color: #3b9194\">Il nous faut d&rsquo;abord acter que l\u2019\u00c9tat et le capitalisme ne s&rsquo;effondreront pas d\u2019eux-m\u00eames, que nous ne pouvons pas nous appuyer sur les cat\u00e9gories et les fonctionnements qui sont les leurs \u2014 la justice qui nous fait innocents, victimes ou coupables, l&rsquo;essentialisme qui nous fixe dans des carcans identitaires, les nations et les fronti\u00e8res qui nous s\u00e9parent en \u00ab\u00a0nationaux\u00a0\u00bb, en \u00ab\u00a0\u00e9trangers\u00a0\u00bb et en \u00ab\u00a0immigr\u00e9s\u00a0\u00bb avec ou sans papiers, la morale qui nous fige dans des id\u00e9es de bien et de mal supplantant toute autonomie collective ou individuelle, le respect de la loi et le travail comme seule alternative \u00e0 la prison ou \u00e0 l&rsquo;exclusion sociale\u2014, et qu&rsquo;aucun miracle ou radieux grand soir ne concr\u00e9tisera les espoirs d\u00e9chus des particules atomis\u00e9es de la terre dont le c\u0153ur bat encore.<\/span><\/strong><\/p>\n<p><strong><span style=\"color: #3b9194\">Ceci \u00e9tant dit, si nous ne partons pas de rien, tout reste \u00e0 repenser et \u00e0 faire.<\/span><\/strong><\/p>\n<p><strong><span style=\"color: #3b9194\">Alors, il nous faut recr\u00e9er les outils qui peuvent aujourd&rsquo;hui nous permettre la composition d&rsquo;un mouvement r\u00e9volutionnaire cons\u00e9quent, ambitieux, et d\u00e9barrass\u00e9 de tout reste d&rsquo;id\u00e9ologie d\u00e9mocratique, travailliste, citoyenne, identitaire et gestionnaire pour enfin retrouver des perspectives offensives face au L\u00e9viathan qui ne cesse de nous engloutir.<\/span><\/strong><\/p>\n<p style=\"text-align: right\"><span style=\"color: #3b9194\"><em>Les fleurs sont bien peu de choses <\/em><\/span><br \/>\n<span style=\"color: #3b9194\"> <em>si on ne les regarde pas avec po\u00e9sie, d\u00e9sir et cr\u00e9ativit\u00e9. <\/em><\/span><br \/>\n<span style=\"color: #3b9194\"> <em>La r\u00e9volution souffre des m\u00eames limites, <\/em><\/span><br \/>\n<span style=\"color: #3b9194\"> <em>mais la beaut\u00e9 des fleurs arctiques ne souffre pas de leur raret\u00e9.<\/em><\/span><\/p>\n<p style=\"text-align: center\"><a href=\"https:\/\/lesfleursarctiques.noblogs.org\/files\/2022\/01\/LFA-Presentation3.pdf\"><img loading=\"lazy\" decoding=\"async\" class=\"aligncenter wp-image-166\" src=\"https:\/\/lesfleursarctiques.noblogs.org\/files\/2017\/03\/dsdsdsq.png\" alt=\"\" width=\"180\" height=\"180\" srcset=\"https:\/\/lesfleursarctiques.noblogs.org\/files\/2017\/03\/dsdsdsq.png 295w, https:\/\/lesfleursarctiques.noblogs.org\/files\/2017\/03\/dsdsdsq-150x150.png 150w, https:\/\/lesfleursarctiques.noblogs.org\/files\/2017\/03\/dsdsdsq-100x100.png 100w\" sizes=\"auto, (max-width: 180px) 100vw, 180px\" \/><\/a><em>Pr\u00e9sentation \u00e0 t\u00e9l\u00e9charger <a href=\"https:\/\/lesfleursarctiques.noblogs.org\/files\/2017\/03\/LFA-Pre\u0301sentation2.pdf\">en PDF<\/a> (format carr\u00e9).<\/em><\/p>\n","protected":false},"excerpt":{"rendered":"<p>Les Fleurs Arctiques ne sont pas une organisation ou un groupe politique, mais un rassemblement h\u00e9t\u00e9rog\u00e8ne et prot\u00e9iforme qui tient \u00e0 son h\u00e9t\u00e9rog\u00e9n\u00e9it\u00e9, partageant un constat, des crit\u00e8res et des perspectives communes autour de la n\u00e9cessit\u00e9 d&rsquo;offrir des espaces \u00e0 notre temps plut\u00f4t que le contraire, des espaces pour la lutte r\u00e9volutionnaire. Ce projet na\u00eet &hellip; <\/p>\n<p class=\"link-more\"><a href=\"https:\/\/lesfleursarctiques.noblogs.org\/?page_id=22\" class=\"more-link\">Continuer la lecture<span class=\"screen-reader-text\"> de &laquo;&nbsp;Les Fleurs Arctiques &#8211; Pr\u00e9sentation&nbsp;&raquo;<\/span><\/a><\/p>\n","protected":false},"author":11668,"featured_media":0,"parent":0,"menu_order":0,"comment_status":"closed","ping_status":"closed","template":"","meta":{"footnotes":""},"class_list":["post-22","page","type-page","status-publish","hentry"],"_links":{"self":[{"href":"https:\/\/lesfleursarctiques.noblogs.org\/index.php?rest_route=\/wp\/v2\/pages\/22","targetHints":{"allow":["GET"]}}],"collection":[{"href":"https:\/\/lesfleursarctiques.noblogs.org\/index.php?rest_route=\/wp\/v2\/pages"}],"about":[{"href":"https:\/\/lesfleursarctiques.noblogs.org\/index.php?rest_route=\/wp\/v2\/types\/page"}],"author":[{"embeddable":true,"href":"https:\/\/lesfleursarctiques.noblogs.org\/index.php?rest_route=\/wp\/v2\/users\/11668"}],"replies":[{"embeddable":true,"href":"https:\/\/lesfleursarctiques.noblogs.org\/index.php?rest_route=%2Fwp%2Fv2%2Fcomments&post=22"}],"version-history":[{"count":17,"href":"https:\/\/lesfleursarctiques.noblogs.org\/index.php?rest_route=\/wp\/v2\/pages\/22\/revisions"}],"predecessor-version":[{"id":67,"href":"https:\/\/lesfleursarctiques.noblogs.org\/index.php?rest_route=\/wp\/v2\/pages\/22\/revisions\/67"}],"wp:attachment":[{"href":"https:\/\/lesfleursarctiques.noblogs.org\/index.php?rest_route=%2Fwp%2Fv2%2Fmedia&parent=22"}],"curies":[{"name":"wp","href":"https:\/\/api.w.org\/{rel}","templated":true}]}}

Les Fleurs Arctiques &#8211; Présentation

<p><a href="https://lesfleursarctiques.noblogs.org/files/2022/01/Presentation-Affiche2.pdf"><img loading="lazy" decoding="async" class="alignnone wp-image-2177 size-large" src="https://lesfleursarctiques.noblogs.org/files/2022/01/Presentation-Affiche2-724x1024.jpg" alt="" width="525" height="743" srcset="https://lesfleursarctiques.noblogs.org/files/2022/01/Presentation-Affiche2-724x1024.jpg 724w, https://lesfleursarctiques.noblogs.org/files/2022/01/Presentation-Affiche2-212x300.jpg 212w, https://lesfleursarctiques.noblogs.org/files/2022/01/Presentation-Affiche2-768x1086.jpg 768w, https://lesfleursarctiques.noblogs.org/files/2022/01/Presentation-Affiche2-1086x1536.jpg 1086w, https://lesfleursarctiques.noblogs.org/files/2022/01/Presentation-Affiche2-1448x2048.jpg 1448w, https://lesfleursarctiques.noblogs.org/files/2022/01/Presentation-Affiche2-scaled.jpg 1810w" sizes="auto, (max-width: 525px) 100vw, 525px" /></a></p>
<p><strong><span style="color: #3b9194">Les Fleurs Arctiques ne sont pas une organisation ou un groupe politique, mais un rassemblement hétérogène et protéiforme qui tient à son hétérogénéité, partageant un constat, des critères et des perspectives communes autour de la nécessité d&rsquo;offrir des espaces à notre temps plutôt que le contraire, des espaces pour la lutte révolutionnaire.</span></strong></p>
<p><strong><span style="color: #3b9194">Ce projet naît du constat commun que nous vivons une époque dans laquelle la pauvreté qui n&rsquo;est pas seulement matérielle, ne peut aller qu&rsquo;en s&rsquo;accroissant. Que l&rsquo;époque que nous vivons pose toujours les mêmes enjeux — l&rsquo;abolition de l’État, du travail et de la marchandise — et cela dans un cadre qui n&rsquo;a guère changé depuis les années 70, si ce n&rsquo;est l&rsquo;accélération vertigineuse de l&rsquo;atomisation et de la pénétration des rapports marchands dans tous les interstices de ce qui nous reste de vie.</span></strong></p>
<p><strong><span style="color: #3b9194">Une époque qui désintègre minutieusement ce qui voudrait ou semblerait vouloir s&rsquo;y opposer, entre autres en l’intégrant. Un monde qui s&rsquo;offre comme alternative à lui-même, avec l&rsquo;essor des sciences sociales et des logiques informatives (ou « contre-informatives ») en lieu et place de la critique révolutionnaire qui, lors des dernières décennies, avait su balayer les vieux réflexes et modes de pensée gauchistes et staliniens (faut-il vraiment ici faire remarquer à ceux qui veulent les remettre en selle que leurs perspectives ne sont pas les nôtres?) et démonter les illusions gestionnaires des alternatifs et autres citoyennistes. Alors que c&rsquo;est dans la praxis qu&rsquo;a pu se déployer une intelligence pratique née des expériences de lutte, on voit dorénavant l&rsquo;université faire de plus en plus office de laboratoire de réflexion et d&rsquo;intervention pour la subversion. Il est pourtant évident que la critique y est déjà institutionnalisée et désactivée dans des formes politiques intégrées et stérilisantes qui se diffusent désormais au sein des milieux « militants ».</span></strong></p>
<p><strong><span style="color: #3b9194">Une époque où les potentialités révolutionnaires réelles paraissent inactuelles, une époque ou « accentuer les conflictualités » n’équivaut plus toujours à se battre <em>contre</em> le monde tel qu&rsquo;il est, mais parfois <em>avec</em>, ou même <em>pour</em>.</span></strong></p>
<p><strong><span style="color: #3b9194">Une époque marquée également par l&rsquo;essor de ce que la réaction a mis au point de plus efficace pour prévenir tout débordement subversif : les replis communautaires, religieux et identitaires, l&rsquo;exploration de ses « racines », qui tendent à s’articuler avec les autres formes de répression (forces de l&rsquo;ordre, justice régulière et coercition étatique). Mais les racines, c&rsquo;est bon pour les glands. Ces différentes formes de recroquevillement sur des identités figées et des récits mythiques sont probablement la perspective du Pouvoir la plus efficace pour faire accepter les mesures d&rsquo;austérité, l&rsquo;existant et son mythe progressiste ne pouvant plus décemment penser faire rêver à un futur radieux.</span></strong></p>
<p><strong><span style="color: #3b9194">Il s&rsquo;agit alors de réaffirmer que cette époque ne viendra pas à bout des perspectives révolutionnnaires, et les subterfuges qui s&rsquo;y développent pour pacifier les conflits comme l&rsquo;auto-gestion, l&rsquo;alternativisme et la contre-culture, la spectacularisation de la conflictualité, la spécialisation des tâches, les déclinaisons militantes de la postmodernité et du libéralisme et la pasteurisation des rapports humains qui devraient, paraît-il, être <em>safe</em>, l&rsquo;enfermement dans un psittacisme qui ressasse des gimmicks politiques identitaires (que la posture soit communiste ou anarchiste, la misère est la même) n&rsquo;opèrent plus que pour se rassurer et ne pas trop se confronter à la réalité du&#8230; <em>des !</em> astres.</span></strong></p>
<p><strong><span style="color: #3b9194">Il s&rsquo;agit donc aussi de sortir de l&rsquo;impasse activiste et/ou idéologique que l&rsquo;on finit par embrasser, habiter, optimiser dans un confort relatif comme une cellule de prison tant en sortir équivaudrait à plonger dans l&rsquo;inconnu. Les identités, les postures et les logos ne disent plus rien réellement des intentions et des méthodes de celles et ceux qui les arborent, et donc l&rsquo;auto-organisation, bien qu&rsquo;insuffisante à garantir des perspectives réellement offensives, est la seule forme d&rsquo;organisation souhaitable.</span></strong></p>
<p><strong><span style="color: #3b9194">Nous tirons des expériences de ces derniers siècles et de ces dernières décennies que les structures permanentes ont toujours comme but et comme raison d’être leur propre perpétuation, que la volonté d’homogénéité politique ou même « affinitaire » qu&rsquo;elle soit formelle ou informelle, est une forme sectaire et nécessairement groupusculaire (sinon totalitaire).</span></strong></p>
<p><strong><span style="color: #3b9194">Ce ne sont donc pas d&rsquo;« amis », de bandes dépolitisées ou d&rsquo;Organisations politiques dont nous avons besoin aujourd&rsquo;hui. Alors pour ne pas sombrer avec les temps qui meurent, il nous faut élaborer de nouvelles propositions pour des perspectives dont le caractère révolutionnaire reste inchangé, tout en acceptant la nécessité d&rsquo;inventer, d&rsquo;expérimenter des propositions qui permettent de penser, analyser, agir, se rencontrer, intervenir, se défendre et attaquer.</span></strong></p>
<p><strong><span style="color: #3b9194">Il nous faut d&rsquo;abord acter que l’État et le capitalisme ne s&rsquo;effondreront pas d’eux-mêmes, que nous ne pouvons pas nous appuyer sur les catégories et les fonctionnements qui sont les leurs — la justice qui nous fait innocents, victimes ou coupables, l&rsquo;essentialisme qui nous fixe dans des carcans identitaires, les nations et les frontières qui nous séparent en « nationaux », en « étrangers » et en « immigrés » avec ou sans papiers, la morale qui nous fige dans des idées de bien et de mal supplantant toute autonomie collective ou individuelle, le respect de la loi et le travail comme seule alternative à la prison ou à l&rsquo;exclusion sociale—, et qu&rsquo;aucun miracle ou radieux grand soir ne concrétisera les espoirs déchus des particules atomisées de la terre dont le cœur bat encore.</span></strong></p>
<p><strong><span style="color: #3b9194">Ceci étant dit, si nous ne partons pas de rien, tout reste à repenser et à faire.</span></strong></p>
<p><strong><span style="color: #3b9194">Alors, il nous faut recréer les outils qui peuvent aujourd&rsquo;hui nous permettre la composition d&rsquo;un mouvement révolutionnaire conséquent, ambitieux, et débarrassé de tout reste d&rsquo;idéologie démocratique, travailliste, citoyenne, identitaire et gestionnaire pour enfin retrouver des perspectives offensives face au Léviathan qui ne cesse de nous engloutir.</span></strong></p>
<p style="text-align: right"><span style="color: #3b9194"><em>Les fleurs sont bien peu de choses </em></span><br />
<span style="color: #3b9194"> <em>si on ne les regarde pas avec poésie, désir et créativité. </em></span><br />
<span style="color: #3b9194"> <em>La révolution souffre des mêmes limites, </em></span><br />
<span style="color: #3b9194"> <em>mais la beauté des fleurs arctiques ne souffre pas de leur rareté.</em></span></p>
<p style="text-align: center"><a href="https://lesfleursarctiques.noblogs.org/files/2022/01/LFA-Presentation3.pdf"><img loading="lazy" decoding="async" class="aligncenter wp-image-166" src="https://lesfleursarctiques.noblogs.org/files/2017/03/dsdsdsq.png" alt="" width="180" height="180" srcset="https://lesfleursarctiques.noblogs.org/files/2017/03/dsdsdsq.png 295w, https://lesfleursarctiques.noblogs.org/files/2017/03/dsdsdsq-150x150.png 150w, https://lesfleursarctiques.noblogs.org/files/2017/03/dsdsdsq-100x100.png 100w" sizes="auto, (max-width: 180px) 100vw, 180px" /></a><em>Présentation à télécharger <a href="https://lesfleursarctiques.noblogs.org/files/2017/03/LFA-Présentation2.pdf">en PDF</a> (format carré).</em></p>

<p>Les Fleurs Arctiques ne sont pas une organisation ou un groupe politique, mais un rassemblement hétérogène et protéiforme qui tient à son hétérogénéité, partageant un constat, des critères et des perspectives communes autour de la nécessité d&rsquo;offrir des espaces à notre temps plutôt que le contraire, des espaces pour la lutte révolutionnaire. Ce projet naît &hellip; </p>
<p class="link-more"><a href="https://lesfleursarctiques.noblogs.org/?page_id=22" class="more-link">Continuer la lecture<span class="screen-reader-text"> de &laquo;&nbsp;Les Fleurs Arctiques &#8211; Présentation&nbsp;&raquo;</span></a></p>
