{"id":1663,"date":"2017-03-16T22:45:03","date_gmt":"2017-03-16T21:45:03","guid":{"rendered":"http:\/\/lesfleursarctiques.noblogs.org\/?page_id=1663"},"modified":"2025-03-20T10:35:07","modified_gmt":"2025-03-20T09:35:07","slug":"mail-de-la-semaine","status":"publish","type":"page","link":"https:\/\/lesfleursarctiques.noblogs.org\/?page_id=1663","title":{"rendered":"Feuilles antarctiques"},"content":{"rendered":"<p><img loading=\"lazy\" decoding=\"async\" class=\" wp-image-1676 alignleft\" src=\"https:\/\/lesfleursarctiques.noblogs.org\/files\/2020\/05\/LFA.jpg\" alt=\"\" width=\"165\" height=\"322\" srcset=\"https:\/\/lesfleursarctiques.noblogs.org\/files\/2020\/05\/LFA.jpg 435w, https:\/\/lesfleursarctiques.noblogs.org\/files\/2020\/05\/LFA-154x300.jpg 154w\" sizes=\"auto, (max-width: 165px) 100vw, 165px\" \/><strong>Au partir du mois de mai 2020, nous mettions en ligne des Feuilles Antarctiques, qui sont pr\u00e9sent\u00e9es et disponible ici et en papier \u00e0 la biblioth\u00e8que : <\/strong><\/p>\n<p><em>\u00ab\u00a0Chaque lundi de la semaine\u00a0 nous vous proposons un moment de r\u00e9flexion sur un sujet que nous avons choisi. Cela prend la forme d&rsquo;un petit texte que nous avons \u00e9crit pour l&rsquo;occasion et de nombreux conseils de lectures, de films, d&rsquo;\u00e9m<span style=\"font-size: 1rem\">issions radios et autres formats a<\/span><span style=\"font-size: 1rem\">utour d&rsquo;un th\u00e8me commun. Les th\u00e8mes seront parfois en r\u00e9sonance avec l&rsquo;actualit\u00e9 de l&rsquo;\u00e9pid\u00e9mie et de sa gestion mais ce sera aussi l&rsquo;occasion d&rsquo;approfondir des questions moins actuelles qu&rsquo;il serait bien dommage de laisser de c\u00f4t\u00e9.<\/span><\/em><\/p>\n<p><em>N&rsquo;h\u00e9sitez pas \u00e0 vous abonner \u00e0 la liste mail des Fleurs Arctiques, en envoyant \u00ab\u00a0inscription\u00a0\u00bb \u00e0 lesfleursarctiques@riseup.net pour ne pas louper le mail. Sinon, les diff\u00e9rents mails seront aussi disponibles au format pdf sur cette page du site.<\/em><\/p>\n<p><em>Nous attendons et accueillerons chaleureusem<span style=\"font-size: 1rem\">ent vos retours, vos critiques, vos id\u00e9es de th\u00e8mes \u00e0 aborder, vos id\u00e9es de textes \u00e0 ajouter. Vous pouvez aussi passer aux permanences du jeudi et du dimanche pour en discut<\/span><span style=\"font-size: 1rem\">er !\u00a0\u00bb<\/span><\/em><\/p>\n<p><img loading=\"lazy\" decoding=\"async\" class=\" wp-image-223 aligncenter\" src=\"https:\/\/lesfleursarctiques.noblogs.org\/files\/2017\/06\/fleurs.png\" alt=\"\" width=\"130\" height=\"54\" srcset=\"https:\/\/lesfleursarctiques.noblogs.org\/files\/2017\/06\/fleurs.png 340w, https:\/\/lesfleursarctiques.noblogs.org\/files\/2017\/06\/fleurs-300x124.png 300w\" sizes=\"auto, (max-width: 130px) 100vw, 130px\" \/><\/p>\n<ul>\n<li><span style=\"color: #008080\">Num\u00e9ro 1 <span style=\"color: #000000\">des <em>Feuilles Antarctiques,<\/em><\/span><\/span> autour du SNU (Service National Universel)<\/li>\n<\/ul>\n<p style=\"text-align: center\"><em><a href=\"https:\/\/lesfleursarctiques.noblogs.org\/files\/2020\/05\/LFA-FA01.pdf\"><img loading=\"lazy\" decoding=\"async\" class=\"aligncenter wp-image-1678 size-medium\" src=\"https:\/\/lesfleursarctiques.noblogs.org\/files\/2020\/05\/LFA-FA01-1-212x300.jpg\" alt=\"\" width=\"212\" height=\"300\" srcset=\"https:\/\/lesfleursarctiques.noblogs.org\/files\/2020\/05\/LFA-FA01-1-212x300.jpg 212w, https:\/\/lesfleursarctiques.noblogs.org\/files\/2020\/05\/LFA-FA01-1-724x1024.jpg 724w, https:\/\/lesfleursarctiques.noblogs.org\/files\/2020\/05\/LFA-FA01-1-768x1086.jpg 768w, https:\/\/lesfleursarctiques.noblogs.org\/files\/2020\/05\/LFA-FA01-1-1086x1536.jpg 1086w, https:\/\/lesfleursarctiques.noblogs.org\/files\/2020\/05\/LFA-FA01-1-1448x2048.jpg 1448w, https:\/\/lesfleursarctiques.noblogs.org\/files\/2020\/05\/LFA-FA01-1-scaled.jpg 1810w\" sizes=\"auto, (max-width: 212px) 100vw, 212px\" \/><\/a><\/em><em>(cliquez sur l&rsquo;image pour t\u00e9l\u00e9charger le pdf)<\/em><\/p>\n<ul>\n<li style=\"list-style-type: none\">\n<ul>\n<li><span style=\"color: #008080\">Num\u00e9ro 2 <span style=\"color: #000000\">des <em>Feuilles Antarctiques,<\/em><\/span><\/span> autour de l&rsquo;anti-psychiatrie<\/li>\n<\/ul>\n<p style=\"text-align: center\"><a href=\"https:\/\/lesfleursarctiques.noblogs.org\/files\/2020\/05\/LFA-FA02.pdf\"><img loading=\"lazy\" decoding=\"async\" class=\"aligncenter wp-image-1693 size-medium\" style=\"font-size: 1rem\" src=\"https:\/\/lesfleursarctiques.noblogs.org\/files\/2020\/05\/LFA-FA02-212x300.jpg\" alt=\"\" width=\"212\" height=\"300\" srcset=\"https:\/\/lesfleursarctiques.noblogs.org\/files\/2020\/05\/LFA-FA02-212x300.jpg 212w, https:\/\/lesfleursarctiques.noblogs.org\/files\/2020\/05\/LFA-FA02-724x1024.jpg 724w, https:\/\/lesfleursarctiques.noblogs.org\/files\/2020\/05\/LFA-FA02-768x1086.jpg 768w, https:\/\/lesfleursarctiques.noblogs.org\/files\/2020\/05\/LFA-FA02-1086x1536.jpg 1086w, https:\/\/lesfleursarctiques.noblogs.org\/files\/2020\/05\/LFA-FA02-1448x2048.jpg 1448w, https:\/\/lesfleursarctiques.noblogs.org\/files\/2020\/05\/LFA-FA02-scaled.jpg 1810w\" sizes=\"auto, (max-width: 212px) 100vw, 212px\" \/><\/a><em>(cliquez sur l&rsquo;image pour t\u00e9l\u00e9charger le pdf)<\/em><\/p>\n<\/li>\n<li><span style=\"color: #008080\">Num\u00e9ro 3 <span style=\"color: #000000\">des <em>Feuilles Antarctiques,<\/em><\/span><\/span><span style=\"font-size: 1rem\"> autour de la survie<\/span><\/li>\n<\/ul>\n<p style=\"text-align: center\"><a href=\"https:\/\/lesfleursarctiques.noblogs.org\/files\/2020\/06\/LFA-FA03-1.pdf\"><img loading=\"lazy\" decoding=\"async\" class=\"aligncenter wp-image-1720 size-medium\" style=\"font-size: 1rem\" src=\"https:\/\/lesfleursarctiques.noblogs.org\/files\/2020\/06\/LFA-FA03-premie\u0300re-paggeg-212x300.jpg\" alt=\"\" width=\"212\" height=\"300\" \/><\/a><em>(cliquez sur l&rsquo;image po<\/em><em style=\"font-size: 1rem\">ur t\u00e9l\u00e9charger le pdf)<\/em><\/p>\n<ul>\n<li><span style=\"color: #008080\">Num\u00e9ro 4 <span style=\"color: #000000\">des <em>Feuilles Antarctiques,<\/em><\/span><\/span><span style=\"font-size: 1rem\"> autour de l&rsquo;\u00e9meute<\/span><\/li>\n<\/ul>\n<p style=\"text-align: center\"><em><a href=\"https:\/\/lesfleursarctiques.noblogs.org\/files\/2020\/06\/LFA-FA04-1.pdf\"><img loading=\"lazy\" decoding=\"async\" class=\"aligncenter wp-image-1727 size-medium\" style=\"font-size: 1rem\" src=\"https:\/\/lesfleursarctiques.noblogs.org\/files\/2020\/06\/LFA-FA04-couv-212x300.jpg\" alt=\"\" width=\"212\" height=\"300\" srcset=\"https:\/\/lesfleursarctiques.noblogs.org\/files\/2020\/06\/LFA-FA04-couv-212x300.jpg 212w, https:\/\/lesfleursarctiques.noblogs.org\/files\/2020\/06\/LFA-FA04-couv-724x1024.jpg 724w, https:\/\/lesfleursarctiques.noblogs.org\/files\/2020\/06\/LFA-FA04-couv-768x1086.jpg 768w, https:\/\/lesfleursarctiques.noblogs.org\/files\/2020\/06\/LFA-FA04-couv-1087x1536.jpg 1087w, https:\/\/lesfleursarctiques.noblogs.org\/files\/2020\/06\/LFA-FA04-couv.jpg 1240w\" sizes=\"auto, (max-width: 212px) 100vw, 212px\" \/><\/a><\/em><em>(cliquez sur l&rsquo;image po<\/em><em style=\"font-size: 1rem\">ur t\u00e9l\u00e9charger le pdf)<\/em><\/p>\n<ul>\n<li><span style=\"color: #008080\">Num\u00e9ro 5 <span style=\"color: #000000\">des <em>Feuilles Antarctiques,<\/em><\/span><\/span><span style=\"font-size: 1rem\"> autour de l&rsquo;encampement<\/span><\/li>\n<\/ul>\n<p style=\"text-align: center\"><a href=\"https:\/\/lesfleursarctiques.noblogs.org\/files\/2020\/06\/LFA-FA05.pdf\"><img loading=\"lazy\" decoding=\"async\" class=\"aligncenter wp-image-1740 size-medium\" src=\"https:\/\/lesfleursarctiques.noblogs.org\/files\/2020\/06\/LFA-FA05-212x300.jpg\" alt=\"\" width=\"212\" height=\"300\" srcset=\"https:\/\/lesfleursarctiques.noblogs.org\/files\/2020\/06\/LFA-FA05-212x300.jpg 212w, https:\/\/lesfleursarctiques.noblogs.org\/files\/2020\/06\/LFA-FA05-724x1024.jpg 724w, https:\/\/lesfleursarctiques.noblogs.org\/files\/2020\/06\/LFA-FA05-768x1086.jpg 768w, https:\/\/lesfleursarctiques.noblogs.org\/files\/2020\/06\/LFA-FA05-1086x1536.jpg 1086w, https:\/\/lesfleursarctiques.noblogs.org\/files\/2020\/06\/LFA-FA05-1448x2048.jpg 1448w, https:\/\/lesfleursarctiques.noblogs.org\/files\/2020\/06\/LFA-FA05-scaled.jpg 1810w\" sizes=\"auto, (max-width: 212px) 100vw, 212px\" \/><\/a><em>(cliquez sur l&rsquo;image po<\/em><em style=\"font-size: 1rem\">ur t\u00e9l\u00e9charger le pdf)<\/em><\/p>\n<ul>\n<li><span style=\"color: #008080\">Num\u00e9ro 6<\/span> des <em>Feuilles Antarctiques,<\/em> autour de la soci\u00e9t\u00e9 assurancielle<\/li>\n<\/ul>\n<p style=\"text-align: center\"><a href=\"https:\/\/lesfleursarctiques.noblogs.org\/files\/2020\/07\/LFA-FA06.pdf\"><img loading=\"lazy\" decoding=\"async\" class=\"aligncenter wp-image-1759 size-medium\" src=\"https:\/\/lesfleursarctiques.noblogs.org\/files\/2020\/07\/LFA-FA06-212x300.jpg\" alt=\"\" width=\"212\" height=\"300\" srcset=\"https:\/\/lesfleursarctiques.noblogs.org\/files\/2020\/07\/LFA-FA06-212x300.jpg 212w, https:\/\/lesfleursarctiques.noblogs.org\/files\/2020\/07\/LFA-FA06-724x1024.jpg 724w, https:\/\/lesfleursarctiques.noblogs.org\/files\/2020\/07\/LFA-FA06-768x1086.jpg 768w, https:\/\/lesfleursarctiques.noblogs.org\/files\/2020\/07\/LFA-FA06-1086x1536.jpg 1086w, https:\/\/lesfleursarctiques.noblogs.org\/files\/2020\/07\/LFA-FA06-1448x2048.jpg 1448w, https:\/\/lesfleursarctiques.noblogs.org\/files\/2020\/07\/LFA-FA06-scaled.jpg 1810w\" sizes=\"auto, (max-width: 212px) 100vw, 212px\" \/><\/a><em>(cliquez sur l&rsquo;image po<\/em><em>ur t\u00e9l\u00e9charger le pdf)<\/em><\/p>\n<p>La publication des Feuilles Antarctiques est suspendue pour le moment. Nous r\u00e9fl\u00e9chissons \u00e0 un moyen de les diffuser sous un format papier. N&rsquo;h\u00e9sitez pas \u00e0 venir nous en parler si, apr\u00e8s lecture, vous voulez en parler.<\/p>\n","protected":false},"excerpt":{"rendered":"<p>Au partir du mois de mai 2020, nous mettions en ligne des Feuilles Antarctiques, qui sont pr\u00e9sent\u00e9es et disponible ici et en papier \u00e0 la biblioth\u00e8que : \u00ab\u00a0Chaque lundi de la semaine\u00a0 nous vous proposons un moment de r\u00e9flexion sur un sujet que nous avons choisi. Cela prend la forme d&rsquo;un petit texte que nous &hellip; <\/p>\n<p class=\"link-more\"><a href=\"https:\/\/lesfleursarctiques.noblogs.org\/?page_id=1663\" class=\"more-link\">Continuer la lecture<span class=\"screen-reader-text\"> de &laquo;&nbsp;Feuilles antarctiques&nbsp;&raquo;<\/span><\/a><\/p>\n","protected":false},"author":11668,"featured_media":0,"parent":0,"menu_order":0,"comment_status":"closed","ping_status":"closed","template":"","meta":{"footnotes":""},"class_list":["post-1663","page","type-page","status-publish","hentry"],"_links":{"self":[{"href":"https:\/\/lesfleursarctiques.noblogs.org\/index.php?rest_route=\/wp\/v2\/pages\/1663","targetHints":{"allow":["GET"]}}],"collection":[{"href":"https:\/\/lesfleursarctiques.noblogs.org\/index.php?rest_route=\/wp\/v2\/pages"}],"about":[{"href":"https:\/\/lesfleursarctiques.noblogs.org\/index.php?rest_route=\/wp\/v2\/types\/page"}],"author":[{"embeddable":true,"href":"https:\/\/lesfleursarctiques.noblogs.org\/index.php?rest_route=\/wp\/v2\/users\/11668"}],"replies":[{"embeddable":true,"href":"https:\/\/lesfleursarctiques.noblogs.org\/index.php?rest_route=%2Fwp%2Fv2%2Fcomments&post=1663"}],"version-history":[{"count":23,"href":"https:\/\/lesfleursarctiques.noblogs.org\/index.php?rest_route=\/wp\/v2\/pages\/1663\/revisions"}],"predecessor-version":[{"id":2444,"href":"https:\/\/lesfleursarctiques.noblogs.org\/index.php?rest_route=\/wp\/v2\/pages\/1663\/revisions\/2444"}],"wp:attachment":[{"href":"https:\/\/lesfleursarctiques.noblogs.org\/index.php?rest_route=%2Fwp%2Fv2%2Fmedia&parent=1663"}],"curies":[{"name":"wp","href":"https:\/\/api.w.org\/{rel}","templated":true}]}}